28?
8
What is the ten thousands digit of 18214?
1
What is the tens digit of 5798?
9
What is the thousands digit of 1295?
1
What is the thousands digit of 3286?
3
What is the tens digit of 1120?
2
What is the ten thousands digit of 57659?
5
What is the hundreds digit of 1638?
6
What is the tens digit of 5906?
0
What is the tens digit of 350?
5
What is the tens digit of 354?
5
What is the ten thousands digit of 83123?
8
What is the thousands digit of 4902?
4
What is the units digit of 3011?
1
What is the ten thousands digit of 34155?
3
What is the tens digit of 463?
6
What is the tens digit of 868?
6
What is the units digit of 23943?
3
What is the thousands digit of 7227?
7
What is the units digit of 454?
4
What is the tens digit of 820?
2
What is the hundreds digit of 443?
4
What is the thousands digit of 1708?
1
What is the hundreds digit of 38930?
9
What is the units digit of 2414?
4
What is the hundreds digit of 35618?
6
What is the thousands digit of 40631?
0
What is the units digit of 1624?
4
What is the units digit of 216?
6
What is the hundreds digit of 1918?
9
What is the units digit of 800?
0
What is the hundreds digit of 100117?
1
What is the units digit of 6795?
5
What is the units digit of 847?
7
What is the hundreds digit of 14570?
5
What is the tens digit of 26981?
8
What is the ten thousands digit of 36810?
3
What is the hundreds digit of 3994?
9
What is the thousands digit of 18308?
8
What is the units digit of 1122?
2
What is the thousands digit of 2220?
2
What is the tens digit of 717?
1
What is the ten thousands digit of 32558?
3
What is the tens digit of 178206?
0
What is the hundreds digit of 19390?
3
What is the hundreds digit of 49496?
4
What is the tens digit of 24031?
3
What is the ten thousands digit of 25547?
2
What is the hundreds digit of 721?
7
What is the thousands digit of 1342?
1
What is the tens digit of 693?
9
What is the units digit of 7913?
3
What is the tens digit of 2054?
5
What is the units digit of 2646?
6
What is the tens digit of 98994?
9
What is the units digit of 65?
5
What is the hundreds digit of 639?
6
What is the units digit of 87539?
9
What is the units digit of 1590?
0
What is the ten thousands digit of 21484?
2
What is the ten thousands digit of 120164?
2
What is the units digit of 1305?
5
What is the ten thousands digit of 10866?
1
What is the hundreds digit of 7522?
5
What is the hundreds digit of 1499?
4
What is the units digit of 16969?
9
What is the units digit of 1707?
7
What is the units digit of 520?
0
What is the units digit of 14631?
1
What is the ten thousands digit of 89039?
8
What is the tens digit of 9990?
9
What is the units digit of 47?
7
What is the tens digit of 5481?
8
What is the ten thousands digit of 56728?
5
What is the tens digit of 2341?
4
What is the tens digit of 139588?
8
What is the units digit of 11155?
5
What is the tens digit of 1267?
6
What is the tens digit of 16780?
8
What is the thousands digit of 5841?
5
What is the thousands digit of 6973?
6
What is the tens digit of 125892?
9
What is the units digit of 806?
6
What is the tens digit of 8694?
9
What is the units digit of 992?
2
What is the thousands digit of 1357?
1
What is the hundreds digit of 187451?
4
What is the thousands digit of 40265?
0
What is the thousands digit of 94844?
4
What is the tens digit of 74467?
6
What is the tens digit of 58301?
0
What is the units digit of 7679?
9
What is the thousands digit of 1001?
1
What is the tens digit of 3322?
2
What is the tens digit of 31949?
4
What is the units digit of 16043?
3
What is the thousands digit of 16332?
6
What is the thousands digit of 5505?
5
What is the hundreds digit of 74109?
1
What is the thousands digit of 3227?
3
What is the hundreds digit of 15629?
6
What is the units digit of 1179?
9
What is the thousands digit of 1292?
1
What is the units digit of 1399?
9
What is the tens digit of 15080?
8
What is the thousands digit of 14672?
4
What is the tens digit of 2032?
3
What is the units digit of 29?
9
What is the hundreds digit of 954?
9
What is the tens digit of 15190?
9
What is the tens digit of 3534?
3
What is the units digit of 729?
9
What is the hundreds digit of 12079?
0
What is the thousands digit of 26504?
6
What is the thousands digit of 2294?
2
What is the tens digit of 1522?
2
What is the hundreds digit of 20173?
1
What is the units digit of 32?
2
What is the units digit of 850?
0
What is the hundreds digit of 14935?
9
What is the hundreds digit of 10060?
0
What is the thousands digit of 2316?
2
What is the tens digit of 5942?
4
What is the tens digit of 7955?
5
What is the hundreds digit of 1136?
1
What is the thousands digit of 14809?
4
What is the tens digit of 63?
6
What is the hundreds digit of 461?
4
What is the tens digit of 3435?
3
What is the units digit of 68680?
0
What is the hundreds digit of 34474?
4
What is the thousands digit of 4171?
4
What is the units digit of 3737?
7
What is the hundreds digit of 14806?
8
What is the hundreds digit of 208?
2
What is the hundreds digit of 8071?
0
What is the units digit of 1045?
5
What is the tens digit of 441?
4
What is the thousands digit of 1345?
1
What is the thousands digit of 67475?
7
What is the tens digit of 217?
1
What is the tens digit of 797?
9
What is the ten thousands digit of 33579?
3
What is the units digit of 2891?
1
What is the units digit of 500?
0
What is the hundreds digit of 54097?
0
What is the thousands digit of 50022?
0
What is the units digit of 6213?
3
What is the units digit of 144143?
3
What is the hundreds digit of 4618?
6
What is the thousands digit of 16675?
6
What is the thousands digit of 9781?
9
What is the units digit of 1326?
6
What is the units digit of 44709?
9
What is the hundreds digit of 716?
7
What is the tens digit of 22492?
9
What is the hundreds digit of 565?
5
What is the thousands digit of 16901?
6
What is the thousands digit of 9153?
9
What is the units digit of 1644?
4
What is the units digit of 15150?
0
What is the thousands digit of 3143?
3
What is the units digit of 1053?
3
What is the units digit of 39?
9
What is the hundreds digit of 978?
9
What is the units digit of 2358?
8
What is the units digit of 6486?
6
What is the tens digit of 5926?
2
What is the units digit of 33864?
4
What is the units digit of 1695?
5
What is the units digit of 19954?
4
What is the units digit of 12714?
4
What is the hundreds digit of 306?
3
What is the units digit of 23404?
4
What is the tens digit of 230?
3
What is the thousands digit of 1137?
1
What is the thousands digit of 9057?
9
What is the tens digit of 536?
3
What is the hundreds digit of 30232?
2
What is the thousands digit of 7336?
7
What is the thousands digit of 1549?
1
What is the hundreds digit of 482?
4
What is the hundreds digit of 4830?
8
What is the thousands digit of 47708?
7
What is the ten thousands digit of 22164?
2
What is the ten thousands digit of 19012?
1
What is the hundreds digit of 81432?
4
What is the units digit of 54?
4
What is the ten thousands digit of 62790?
6
What is the units digit of 1096?
6
What is the units digit of 6140?
0
What is the hundreds digit of 18471?
4
What is the hundreds digit of 56931?
9
What is the units digit of 512?
2
What is the tens digit of 9700?
0
What is the units digit of 123726?
6
What is the thousands digit of 34727?
4
What is the tens digit of 18428?
2
What is the ten thousands digit of 17377?
1
What is the units digit of 579?
9
What is the tens digit of 54076?
7
What is the thousands digit of 26964?
6
What is the thousands digit of 2808?
2
What is the tens digit of 5032?
3
What is the units digit of 3827?
7
What is the tens digit of 10333?
3
What is the hundreds digit of 104100?
1
What is the units digit of 44294?
4
What is the units digit of 32815?
5
What is the units digit of 396?
6
What is the hundreds digit of 19139?
1
What is the hundreds digit of 145?
1
What is the tens digit of 24790?
9
What is the ten thousands digit of 18091?
1
What is the tens digit of 8515?
1
What is the units digit of 2839?
9
What is the units digit of 578?
8
What is the thousands digit of 4935?
4
What is the tens digit of 2477?
7
What is the units digit of 38122?
2
What is the thousands digit of 8041?
8
What is the thousands digit of 27239?
7
What is